- 25. What is the greatest common divisor of r and d?
14
Suppose 4*i + 7*w = 2*w + 13, 4*w = 4. Let o = 18 - i. Let u(m) = -10*m + 4. Let q be u(-6). What is the greatest common divisor of q and o?
16
Let z = -16 + 26. Suppose 5 + z = 3*m. Calculate the highest common factor of m and 5.
5
Suppose -5 = -3*y + 7. Let w be 3 + 4*2/y. Let q be (-32 - -2)*(-2)/2. Calculate the greatest common factor of w and q.
5
Suppose -4*l = -32 + 12. Suppose l*x - 49 = 16. What is the highest common divisor of x and 65?
13
Let j be (0 + -4)/((-10)/15 - 0). Calculate the greatest common factor of j and 6.
6
Suppose 5*p + 30 = -0*p. Let f = p + 9. Suppose z = -4, 0 = -f*r + z + 80 + 32. What is the greatest common divisor of r and 18?
18
Let p be 0 + 1 - (-32 - -1). Suppose 2*u - 5 = 2*v + v, u = v + 3. Suppose -u*n = j - 321, n + 4*j = 3*n - 156. Calculate the highest common factor of n and p.
16
Let v(q) = -q**2 + 7*q + 1. Let b be v(7). What is the highest common divisor of 5 and b?
1
Let s = -42 - -94. Let i be ((-78)/10)/(2/(-10)). Suppose 2*m = -m + i. Calculate the greatest common factor of m and s.
13
Let i(u) = u**3 + 4*u**2 - 3*u - 7. Let w be i(-3). What is the greatest common factor of 99 and w?
11
Let z(g) = 9*g**2 + 6. Let i be z(-5). Let c = 473 - i. What is the highest common divisor of 22 and c?
22
Let z(p) = p + 8. Let q be z(10). What is the greatest common factor of q and 36?
18
Let a be ((-24)/20)/(9/(-420)). Suppose 2*x + a = 204. Let s = x + 24. Calculate the highest common factor of 14 and s.
14
Let i be (-445)/(-20) - 1/4. Let u = 172 - 62. Calculate the highest common factor of i and u.
22
Let o(t) = -t + 1. Let m be o(-4). Suppose 2*j = -4*f + 4*j + 34, m*f - j - 44 = 0. Calculate the greatest common factor of f and 9.
9
Suppose 3*z - 53 = 127. Let h = -37 - -61. What is the greatest common factor of h and z?
12
Let y be 44/8 + 3/6. Calculate the greatest common factor of y and 66.
6
Let o be (-3 + 50)*1 - -1. Suppose -5*r + 5*z = -140, 4*z - 5 = r - o. What is the greatest common factor of r and 69?
23
Let p(a) = a**3 + 5*a**2 + 3*a. Let c be p(-4). What is the highest common divisor of 4 and c?
4
Suppose 0 = -4*a + 2*p + 78, p = 3*a - 3*p - 61. Calculate the greatest common divisor of a and 76.
19
Let v be 16 - (12/54 + (-20)/9). Calculate the highest common divisor of v and 30.
6
Suppose 0 = x - 2*x - 9. Let k be 2 + (1 - x/3). Let d(l) = 4*l - 1. Let a be d(4). Calculate the highest common factor of k and a.
3
Let w = 26 + -19. Calculate the greatest common divisor of 1 and w.
1
Suppose 2*n + 21 = -u + 2, -5*n - 70 = 4*u. Let c = -6 - u. What is the greatest common divisor of 63 and c?
9
Suppose 114 = 2*t - 2*i, -5 = i + 4*i. What is the greatest common factor of 7 and t?
7
Suppose 49 = -5*n + 2*f, 2*n + 18 + 8 = 4*f. Let y(p) = -p**3 - 10*p**2 - 11*p - 4. Let t be y(n). Calculate the greatest common divisor of 112 and t.
14
Let p = -6 - -12. Suppose -p*o + 3*o + 216 = 0. Suppose 36 = 8*u - 4*u. Calculate the highest common factor of u and o.
9
Let t = 73 - 61. Calculate the greatest common divisor of t and 132.
12
Let u(v) = -3*v - v - 3*v + 6*v. Let s be u(-5). What is the greatest common divisor of s and 1?
1
Let u be (0 - -1)*-1 + 3. Suppose -3*r = -u*l - 4 - 4, 5*r - 4*l = 16. Suppose -3*q = -18 - r. Calculate the highest common factor of 3 and q.
3
Suppose c - 5 = 2*c. Let o be -1 - (-5)/(c/(-4)). Let l be (18/(-3))/o*-11. What is the highest common factor of 2 and l?
2
Suppose 0 = 6*t - 58 - 26. Calculate the greatest common factor of t and 28.
14
Let b = -155 + 189. What is the highest common divisor of b and 306?
34
Let u(m) = -m**3 + 7*m**2 - 7*m - 2. Let o be u(5). Calculate the highest common factor of 52 and o.
13
Suppose 5*t - 4*a - 35 = 0, 0 = -0*a + 4*a. Let z = 4 + t. Calculate the greatest common factor of 22 and z.
11
Let s(b) = -b + 54. Let l be s(26). Calculate the highest common factor of 140 and l.
28
Let h be (-2)/(-1*(-1)/(-16)). Let a be (7 + -2)/(2/h). What is the highest common divisor of 16 and a?
16
Let c = -10 - 0. Let d be (c/(-1))/((-14)/(-112)). What is the highest common divisor of d and 16?
16
Let a(g) = 15*g**2 + g - 1. Let v be a(1). Let q = -7 + v. Calculate the greatest common factor of q and 32.
8
Let a = -108 + 223. What is the greatest common factor of 46 and a?
23
Let w(v) = -v**2 - 10*v - 4. Let y be w(-7). What is the highest common factor of 34 and y?
17
Suppose 5*i - 78 = 4*k, -4*i - 4*k = -2*k - 78. What is the highest common divisor of i and 72?
18
Suppose 176 + 169 = 5*z - 5*b, -3*b - 67 = -z. Calculate the greatest common divisor of z and 28.
14
Let v(d) = 4*d - 11. Let f be v(9). Calculate the greatest common factor of 5 and f.
5
Let g be 0 + 2/(4/198). Suppose 0 = 5*d - 8 - 17. Suppose 0*l + 5*l - 61 = -4*h, -d*h = -3*l + 7. Calculate the highest common factor of l and g.
9
Let s = 8 + -6. Let n = -19 + 41. Calculate the greatest common divisor of n and s.
2
Let i be 6*(3 + 52/(-12)). Let a be (-42)/9*12/i. What is the greatest common factor of 77 and a?
7
Let f(s) = s**2 + 11*s + 4. Let m be f(-11). Let n be 0 - m/(0 - 1). What is the highest common divisor of 10 and n?
2
Let f be (14/3)/(-1)*-18. Let k(x) = 4*x - 8. Let h be k(9). What is the highest common divisor of h and f?
28
Suppose -98 + 13 = -5*x. Let w be (-2)/(-1) - (-6)/2. Suppose w*a - 2*a = -3*t + 147, a + 206 = 4*t. What is the highest common factor of x and t?
17
Let m(q) = -4*q - 6. Suppose -w - 4 - 3 = 0. Let b be m(w). Calculate the greatest common factor of b and 154.
22
Let k(o) = -o**3 - 5*o**2 - 3. Let i be k(-6). Suppose 2*q - 33 = -4*w - q, 0 = 3*w + 5*q - i. What is the greatest common divisor of 6 and w?
6
Suppose 4*u = -4 + 16. Let t be ((-2)/4)/(u/(-462)). Let i be ((-14)/(-3))/((-6)/(-9)). Calculate the highest common divisor of t and i.
7
Let v = -50 - -59. Let m be -2 + 28 - (-2 - -1). Calculate the greatest common factor of v and m.
9
Suppose 3*c + 0 = -30. Let v = c + 14. What is the highest common divisor of 4 and v?
4
Let p = -109 + 157. Calculate the highest common factor of p and 6.
6
Suppose 3*p = 4*p - 90. Let j be 2*(0 - (2 - 11)). Calculate the highest common factor of j and p.
18
Let z be 6/21 + 90/(-21). Let a be z/6 + (-488)/(-12). What is the greatest common factor of a and 8?
8
Let s(j) = 6*j**2 + 2*j - 4. Suppose 3*o - y = -8, 10 = -o - 4*o + 5*y. Let i be s(o). Let k = 6 - 2. Calculate the greatest common factor of i and k.
4
Let s = 39 + -23. Calculate the highest common divisor of 16 and s.
16
Let z be (8 + -2)/(-3) + -4. Let d be (-4)/z + 440/15. What is the highest common divisor of 10 and d?
10
Let i be 1/((-33)/(-6)) + (-388)/(-44). What is the greatest common divisor of 72 and i?
9
Suppose 12 - 100 = -4*a + 2*w, 0 = -3*a - 3*w + 84. What is the greatest common factor of a and 84?
12
Suppose 0*h + 6*h = 48. What is the greatest common divisor of 1 and h?
1
Let g(t) = 8*t**2 - 4*t. Let p be g(4). Let j = -147 - -161. Calculate the highest common divisor of j and p.
14
Let j(a) = 155*a**2. Let h be j(-1). Suppose 4*d - 263 = k, k - 477 + h = -5*d. What is the greatest common divisor of d and 26?
13
Let d = 21 + 11. Suppose -4*l - 56 = -11*l. What is the highest common divisor of d and l?
8
Suppose -3*j + 6 + 30 = 0. What is the highest common divisor of j and 72?
12
Let p be ((-2)/(-1) - 1)*15. What is the highest common factor of 285 and p?
15
Let c = -3 + 1. Let t be -3 + (c - -1)*1. Let q be (-2)/(0 - t/(-210)). Calculate the greatest common divisor of 15 and q.
15
Suppose l = -l - 30. Let b = l - -25. Let a(k) = -k**3 + 3*k**2 + k - 2. Let u be a(2). Calculate the highest common factor of u and b.
2
Let q = -380 - -241. Let z = -91 - q. Let d be 34/6 + (-5)/(-15). What is the greatest common divisor of z and d?
6
Suppose 6*a + 2*m - 3 = 5*a, 0 = 4*m + 16. Suppose 3*u - 6*u - 5*p - 7 = 0, -5*u = 3*p + 1. Calculate the greatest common divisor of u and a.
1
Suppose 5*u = 3*o - 5*o + 37, -4*o - 3*u = -95. Let g(j) = 49*j - 17. Let t be g(3). What is the highest common factor of t and o?
26
Let v be ((-24)/3)/(4/(-10)). Let m(q) = -3*q**3 - q. Let s be m(-1). Calculate the highest common divisor of v and s.
4
Suppose -5*a + 29 + 86 = 0. Let o be a + -2 + 1/1. What is the gr